 b be 8/56 - (-81)/21. Suppose b*y + 5*l - 159 = 0, -37 = -y - 4*l + 11. Let n = y + 7. What is the units digit of n?
3
Suppose -36*y + 210213 = -12*y - 115803. What is the units digit of y?
4
Let j(c) = -c**3 + 5*c**2 - 4*c - 19. Let i(m) = m**2 + 1. Let b(r) = 3*i(r) + j(r). Let l be b(7). Suppose 1007 - 347 = l*n. What is the units digit of n?
2
Suppose -5*x = 58*x - 500724. What is the tens digit of x?
4
Let g(d) = d**3 + 7*d**2 + 5*d + 12. Let h be g(-6). Let m be (1 - 10/4)/(h/(-24)). Suppose 22 - 168 = -m*q. What is the tens digit of q?
7
Let d be ((-40)/2)/((-10)/15). Suppose 2*t - 40 = -d. Suppose -5*l + t + 105 = 4*p, 0 = -2*l + 5*p + 11. What is the units digit of l?
8
Suppose -5*d = x - 1804, 5*d = -5*x + 8658 + 322. What is the thousands digit of x?
1
Let r = -48 - -61. Let m(u) = 8*u - 5. What is the tens digit of m(r)?
9
Let f be (9 - 8)/((-1)/(-4)). Let o = 7 - f. What is the units digit of (-4 + o)/(-5) + 374/5?
5
What is the hundreds digit of -1 + (5573 - -10) + -11?
5
Suppose 241272 - 43192 = 16*a. What is the thousands digit of a?
2
What is the ten thousands digit of (-1 - -13) + -97 + 28786?
2
Suppose 364*m = 5503288 + 1966356. What is the ten thousands digit of m?
2
Suppose 27*b - 28*b + 2*l - 710 = 0, -4*b = 4*l + 2828. Let y = -532 - b. What is the hundreds digit of y?
1
Let i(g) = 12*g + 748*g**3 - 4*g**2 + 2*g**2 - 8*g + g**2 - 3*g**2 - 4. What is the units digit of i(1)?
4
Let u = 311 + -319. Let z(l) = 13*l**2 + 3*l - 18. What is the hundreds digit of z(u)?
7
Let c be -235 + (0 - 0) - (-13 - -15). Let i = 242 + c. What is the units digit of i?
5
Let m be -10*2/1*(63 + -17). Let v = 945 + m. What is the tens digit of v?
2
Let u(x) = x**3 + 5*x**2 - x - 11. Let a(g) = 2*g**3 + 9*g**2 - 2*g - 19. Let m(r) = 4*a(r) - 9*u(r). What is the tens digit of m(-12)?
4
Let z = 138 + -138. Suppose -10*i + 22*i - 3216 = z. What is the hundreds digit of i?
2
Suppose -3*s + 12 + 12 = 0. Suppose 654 = -2*o + s*o. Let y = o + -62. What is the tens digit of y?
4
Let i(f) = 78*f + 5. Let c be i(12). What is the units digit of (-6)/9 + c/12*4?
3
Suppose 0 = -3*a - 15, 7*a = 4*q + 2*a - 797. Suppose -2*k - 10 = 0, -2*g + 905 + q = -4*k. What is the tens digit of g?
3
Let h = -14393 - -21630. What is the thousands digit of h?
7
Let s(t) be the first derivative of -2 - 5*t**2 - 34*t + 2*t**2 + t**2. What is the units digit of s(-17)?
4
Let y be (120/16 - 7)*13706. Suppose -70*p = -77*p + y. What is the hundreds digit of p?
9
Let m(a) = 202*a - 105. What is the tens digit of m(8)?
1
Let h be -2*(6/(-9))/((-2)/(-3)). Suppose 0 = h*s - 4*r - 560 - 768, 20 = 5*r. What is the units digit of s?
2
Suppose 204*n - 10653768 = -165*n. What is the units digit of n?
2
Let y = 11 - 31. Let q = y + 22. What is the units digit of (q - 2 - -50) + (-3)/1?
7
Let n(i) = -i**3 + 10*i**2 - 3*i + 3. Let d be n(8). Let x be 1 + 48 + (-10)/10. Let k = x + d. What is the tens digit of k?
5
Suppose -p = -4*l - 3*p - 52, -3*l - 2*p = 41. Let f be (-856)/l + (-2)/(-11). Let v = f - 16. What is the units digit of v?
2
Let z be 4/16 + (-159)/(-4). Suppose 13 = -3*x + z. Suppose 0 = x*g - g - 480. What is the units digit of g?
0
Let o(b) = 49*b - 91. Let t be o(2). Suppose -t*y - 3834 = -13*y. What is the tens digit of y?
3
Let s be (-256)/10*((-35)/7 - 405). Suppose -5*m + s = 2606. What is the units digit of m?
8
Suppose 65*k = -80*k + 532100 + 1516315. What is the units digit of k?
7
Let z(i) = -i**3 - 2*i**2 + 97*i - 78. What is the ten thousands digit of z(-29)?
1
Let m be (-2 + (-32)/(-12))*366/4. Suppose -m = 2*u - 259. Let n = u + -23. What is the tens digit of n?
7
Let y(f) = 3*f**2 + 9*f + 8. Let p be y(-2). Suppose 5*n - 1237 = -o, 2*n + 3616 = 3*o - p*n. What is the tens digit of o?
1
Suppose -2*k + 4*r - 1071 = -3295, 2*r = -5*k + 5500. What is the units digit of k?
2
Let w = -123 + 128. Suppose -w*z + 0*h - 4*h + 1843 = 0, z = 3*h + 361. What is the tens digit of z?
6
Let h(n) = n**2 - 2*n - 4. Let o be h(4). Suppose 33*d = 11*d - 713 + 2231. Suppose -319 = -5*f - r, 0 = -o*f - r + 325 - d. What is the units digit of f?
3
Suppose -951*w = 2*p - 954*w - 2764, -w - 6871 = -5*p. What is the thousands digit of p?
1
Let c = 2287 + 1197. What is the tens digit of c?
8
Let a = -369 - -371. Suppose 4*m - 1507 = -3*b, -7*m = -5*b - a*m + 2465. What is the units digit of b?
7
Suppose 144078*d - 1711712 = 144046*d. What is the tens digit of d?
9
Let q(s) = -191*s - 449. What is the hundreds digit of q(-15)?
4
Suppose -266*w + 84 = -259*w. What is the units digit of 237/w + (-3)/4?
9
Suppose a + 3*a - 6396 = -4*u, 3*a - 4803 = -u. Suppose 55*y + a = 58*y. What is the units digit of y?
4
Suppose 4*o - 1832 = -2*h, -5*o + h + 2296 = 5*h. Suppose 5*r + 2*f + o = 6*r, 4*f - 1872 = -4*r. What is the tens digit of r?
6
Suppose 0 = -o + 4*b + 7958, 20*b - 21*b - 39847 = -5*o. What is the tens digit of o?
7
Let v = 371 + -366. Suppose v*l = -2*c - 155 + 891, -2*l - 368 = -c. What is the tens digit of c?
6
Suppose -h = 3*p - 133887, -446289 = 3*p - 13*p - 3*h. What is the ten thousands digit of p?
4
Let j(p) = 6*p**3 - 18*p**2 + 32*p - 1. What is the hundreds digit of j(12)?
1
Let c be 2/(2/10 - 83/420). Suppose -11*g + 5*g = -c. Let i = g + 17. What is the tens digit of i?
5
Let v = 24771 - 15601. What is the tens digit of v?
7
Suppose -239*j + 234*j + 10 = 0. Suppose 4*x + 0*y = j*y + 114, -21 = -x + 3*y. What is the units digit of x?
0
Let y be (((-3010)/4)/(-5))/(1/2). Let p = y - -3. What is the hundreds digit of p?
3
Suppose 63*i - 222*i = -1194885. What is the hundreds digit of i?
5
Let h = -171 - -179. Suppose 0 = -5*q + h*q - 2*p - 932, -4*q = -3*p - 1243. What is the units digit of q?
0
Let k be (208 + -2)*(-2)/4. Let f = 70 + k. What is the tens digit of (7 - 3009/f) + 2/(-11)?
9
Let z(x) be the first derivative of 44*x**2 + 127*x + 195. What is the tens digit of z(15)?
4
Let x(s) = -s**3 + 7*s**2 + 15*s + 24. Let j(q) = -3*q + 8. Let a = -37 - -37. Let t be j(a). What is the tens digit of x(t)?
8
Suppose 2*l - l + 6*l - 30583 = 0. What is the units digit of l?
9
Let g = 94 + -91. What is the tens digit of (0 + (-50)/g)/((-3)/9)?
5
Suppose -4*s - 3*x + 7*x + 1500 = 0, 1143 = 3*s + 3*x. Let l = s + 78. What is the units digit of l?
6
Let b(w) = 3*w + 7. Let i be b(-4). Let j(u) = -5*u - 18. Let m be j(i). Suppose 498 = m*a - 5*a. What is the hundreds digit of a?
2
Let t = 6 - 6. Suppose 4*m - d + 0*d + 6323 = 0, -m - 2*d - 1592 = t. What is the tens digit of (-1)/(-2) - m/28?
5
What is the units digit of ((-154816)/1148)/((-1)/56)?
2
Let w = -10138 - -22712. What is the units digit of w?
4
Suppose -5*p + 416 = -14. Let q = p - -68. What is the hundreds digit of q?
1
Let f = 2440 + -1484. Suppose -5*u + 2*t + 1268 = -u, -3*u + f = t. Suppose 5*v = 7*v + x - u, 4*v - 636 = -3*x. What is the hundreds digit of v?
1
What is the units digit of 60/48 + 3/((-48)/(-140636))?
1
Suppose -7*p = -86999 - 461332. What is the tens digit of p?
3
Let x be 1*1115 - (-5 - (-3 + 2)). What is the tens digit of x/2 + (-7)/14 + 4?
6
Let v(f) = 19*f**2 + 70*f + 4684. What is the ten thousands digit of v(-45)?
4
Suppose -19107 = -200*p + 3356 - 2863. What is the units digit of p?
8
Suppose -8944*u + 28764 = -8938*u. What is the thousands digit of u?
4
Let x = -3 + 5. Let q be (x/(-4))/(3*(-3)/36). Suppose c = -c - g + 213, -q*c + 201 = -3*g. What is the hundreds digit of c?
1
Let k(m) be the second derivative of -m**3/2 + 14*m**2 - 14*m. Let v be k(6). What is the units digit of -2*((-2)/10 - 163/v)?
3
Suppose -5*k = -4*m - 91414, k - 18*m = -15*m + 18296. What is the units digit of k?
8
What is the thousands digit of (-43)/(-3 + (22992/4600 - 2))?
4
Let h = 394 - 389. Suppose -2*d + 4*n + 858 = 2*n, 4*d - 1713 = h*n. What is the tens digit of d?
3
Let a = -33 - -40. Let d(z) = -z**3 + 7*z**2 + 2*z - 9. Let g be d(a). Suppose 70 - 10 = g*f. What is the units digit of f?
2
Suppose -64 = -3*j - 4*m, 55 + 1 = 3*j + 2*m. Suppose 14*g + 66 = j*g. Suppose -r = -g - 71. What is the units digit of r?
4
Let z = -322 + 325. Suppose z*a + 230 = 1943. What is the tens digit of a?
7
Suppose 705728 = 2*g + 27*g - 13*g. What is the ten thousands digit of g?
4
What is the hundreds digit of 1 + 10/65 + 2